 is the units digit of d?
4
Let t = 50 - 96. Let u = t + 111. What is the tens digit of u?
6
Suppose 13*q = 5403 + 15462. What is the thousands digit of q?
1
Suppose -2*v = 5*f - 4, f = -4*v - f + 8. Suppose v*g = 0, r = -0*g + 3*g + 18. What is the tens digit of r + (-1 + 4)/3?
1
Let v(u) = 11*u + 23. Let q be v(11). Let p = q + -61. What is the units digit of p?
3
Let x(d) = -5*d**3 - 3*d**2 + 4*d - 10. What is the tens digit of x(-5)?
2
Suppose 0 = 3*b - 3*j + 51, 50 + 21 = -5*b - 2*j. Let c(s) = -s**2 - 17*s + 2. Let o be c(b). What is the units digit of (-463)/(-8) + 4/o?
8
Suppose -2*s - 2*s + 2848 = 4*i, -5*s = 4*i - 3558. What is the units digit of s?
0
Suppose -1 = -2*r - 5*o, -2*r - 5*o = -6*r - 13. Let x be (r - 6)/4 - -2. Suppose -5*d + 3 - 18 = x, -q + 57 = -2*d. What is the tens digit of q?
5
Suppose 28*c - 26145 = 7*c. What is the hundreds digit of c?
2
Let g(f) = f**2. Let v(s) = s**2 + 4*s. Let t(y) = 2*g(y) - v(y). Let u be t(4). Suppose 0 = -u*o - 2*o + n + 41, 2*n - 28 = -o. What is the tens digit of o?
2
Let v(l) = 25*l**3 - 5*l**2 + 14*l - 14. What is the tens digit of v(5)?
5
Suppose 0 = 2*o + 2. What is the tens digit of o + (3 - 4 - -80)?
7
Let c(p) = -p**3 + 9*p**2 + 14*p - 14. Let x(z) = z**3 - z + 10. Let g be x(0). Let j be c(g). Suppose -j - 58 = -4*b. What is the units digit of b?
1
Let t(r) = -6*r + 4. Let c(b) = -1. Let x(z) = -12*c(z) - t(z). Suppose 0 = -4*a - 25 + 41. What is the units digit of x(a)?
2
Let s(o) = -149*o + 81. What is the tens digit of s(-12)?
6
Suppose 0 = -12*q + 333 + 411. What is the tens digit of q?
6
Suppose 2 = 2*n, -1505 - 302 = -4*g + n. What is the units digit of g?
2
Let h be -16*(4/(-8))/(-1). Let p(o) = -9*o + 15. What is the tens digit of p(h)?
8
What is the tens digit of 2*5196/8*(-6)/(-18)?
3
Let v(c) = c**2 + 8*c + 3. Suppose -2*o = -8 - 2. What is the tens digit of v(o)?
6
Let q be (-179)/((1 + 1)*(-2)/(-4)). Let g = q + 303. What is the hundreds digit of g?
1
Suppose t + 3*v + 310 = 0, 5*t - 5*v = -3*v - 1584. What is the tens digit of 85/(-34)*t/10?
7
Suppose -3*s = -8*s. Suppose v + 16 = 70. Suppose 0*b + b - v = s. What is the tens digit of b?
5
Suppose -3*n - 5*u + 619 = -6*u, 0 = 5*n - 2*u - 1031. What is the hundreds digit of n?
2
Let d be 994/(-35) + 2/5. Let k be (-8)/d + (-23)/7. What is the units digit of 48/(k/6*-3)?
2
Let v = -21 + 64. Let a be (2/4)/(1/(-44)). Let m = a + v. What is the units digit of m?
1
Suppose -4*c + 7*c = 15. Suppose -3*v + 3*z = -21, -z - z - c = v. Suppose -5*k - 4*d = -v*k - 24, -3*d = k - 11. What is the tens digit of k?
1
Suppose 2*i = -3*i + 10. Let c(n) = -n**3 + 3*n**i + 0*n**3 - 3*n + 4 + 6*n. What is the tens digit of c(3)?
1
Let p = -35 - -34. Let s(t) = -25*t - 1. What is the units digit of s(p)?
4
Let n = 12 + -20. What is the units digit of ((-29)/(-2))/((-2)/n)?
8
Suppose 0 = 10*w - 11*w + 1162. What is the units digit of w?
2
Suppose 0 = 5*i + 6 + 9, -4*i = -h + 1818. What is the units digit of h?
6
Suppose -7*o = -6*o - 59. Let j = -31 + o. What is the units digit of j?
8
Let g(w) = 43*w**3 + 3*w**2 - 12*w + 18. What is the units digit of g(4)?
0
What is the units digit of -1*(-6)/3*934/4?
7
Let y(o) = -42*o + 1. Let q(h) = -h**3 - 3*h**2 + 3*h - 5. Suppose 6*x - 5*x = -4. Let r be q(x). What is the units digit of y(r)?
3
Suppose -18 = -4*f - 5*m + 4, 5*f - 30 = -5*m. Let n = f + -2. Suppose -n + 0 = -2*h. What is the units digit of h?
3
Let x(a) = 4*a**2 - 5 - 6*a + 0*a**2 - 2*a**2. What is the tens digit of x(7)?
5
Let n be -2 + 2/(8/28). Let l(m) = n*m + 3*m - 3*m - 15 + 3. What is the units digit of l(8)?
8
Suppose 6524 = 5*l - 3*k, 5*k = 4*k + 2. What is the thousands digit of l?
1
Suppose 3*z + 1279 = w, -12*w + 14*w - 3*z = 2555. What is the hundreds digit of w?
2
Let b(o) be the third derivative of o**5/60 + o**4/8 + 3*o**3/2 - 4*o**2. What is the units digit of b(-5)?
9
Suppose 4 = 2*g, g + 1780 = 2*u - 2*g. What is the hundreds digit of u?
8
Suppose 6*i - 5 = 13. What is the units digit of i?
3
Let r = -1886 + 2254. What is the tens digit of r?
6
Let b = 1368 + -800. What is the hundreds digit of b?
5
Suppose 0*k = 5*k + 25. What is the units digit of ((-69)/18)/(k/30)?
3
Suppose -79*x = -80*x + 3. Suppose 236 = -0*v + 4*v - 5*m, -182 = -x*v + 5*m. What is the units digit of v?
4
Let q = 37 + -27. Let l = -9 + q. What is the tens digit of 23/(-3 + l + 3)?
2
Let j(c) = 2*c. Let p be (-5)/(-2)*(-32)/(-40). Let t be j(p). Suppose 2*z = 2, -t*i + 297 = 4*z + 73. What is the tens digit of i?
5
Let n = 2074 + -1281. What is the tens digit of n?
9
Let k(h) = -5*h**3 + 6*h**2 - h + 3. Let p(j) = -6*j**3 + 7*j**2 - 2*j + 3. Let l(f) = 5*k(f) - 4*p(f). Suppose 1 - 3 = m. What is the units digit of l(m)?
3
Suppose 75*c - 72*c - 1947 = 0. What is the hundreds digit of c?
6
Let n(i) = 1991*i. What is the thousands digit of n(1)?
1
Suppose 2*b - 473 = -h + 26, 0 = -2*h + 2. What is the tens digit of b?
4
Let g(u) = u**2 + 19*u + 2. Let c be g(-17). Let z = 3 - c. What is the units digit of z?
5
Let g be 1 + 1 + (-1881 - -1). What is the units digit of g/(-30) + ((-6)/(-5))/3?
3
Suppose 0 = -220*n + 229*n - 27774. What is the units digit of n?
6
Let d(w) = w**3 - 4*w**2 + 2*w - 5. Let v be d(4). Let o be 7/v*-3*-1. Suppose -o*t + 144 = -3*t. What is the units digit of t?
6
Let z be 1 + (-6)/9 - (-22)/(-3). Let g(r) = -20*r - 31. What is the hundreds digit of g(z)?
1
Let f be (16/(-24))/(1/9). Let d(b) = -b + 2. Let u be d(f). Let j = 2 + u. What is the tens digit of j?
1
Let i(f) = 3 + 3*f - 6 + 2*f. Let u be i(1). What is the units digit of u*(-4)/16*-2?
1
Let v = -1107 - -1867. What is the units digit of v?
0
Let x(s) = s**3 + 5*s**2 - 3*s - 13. Let l be x(-5). Suppose -90 = l*w - 12*w. Suppose -m = 5*r - w, -5*m + 6*r + 135 = r. What is the tens digit of m?
2
Suppose -51 = -y - 3*p, 2 = 5*p - 3. Suppose 156 - y = j. What is the tens digit of j?
0
Suppose 3*c + 2*c + 12 = 4*p, 15 = 5*p - 2*c. Let t = p + 6. Let h = 27 - t. What is the units digit of h?
8
Suppose 33 - 13 = 4*r. Suppose -138 = -r*c - c. What is the units digit of c?
3
Let r(l) = 10 + 0*l**2 - 27*l - l**2 + 16. What is the tens digit of r(-24)?
9
Suppose 5*c - 745 = -0*c. What is the tens digit of c?
4
Let d = -25 - -45. Suppose 471 + 49 = 2*a. Suppose -d*n + 25*n = a. What is the units digit of n?
2
Suppose -34*q + 35*q - 3572 = 3*p, 3*p - 3542 = -q. What is the units digit of q?
7
Suppose 2*v - 7 = -3. Suppose r - v*r + 4 = 0. Suppose t + 2*d + 21 = 6*t, -r*t + 16 = -2*d. What is the units digit of t?
5
Suppose 4*p - 3 = 1. Let v be (-2 - -1) + (p - 0). Suppose -o - o + 18 = v. What is the units digit of o?
9
Let p(n) = n**2 + 5*n. Let k be p(-5). Suppose -2*r - i + 179 = k, 5*r - i = r + 343. Let s = r - 31. What is the units digit of s?
6
Let n = -74 + 69. What is the units digit of (n + 10)/(-1) - -120?
5
Let l = 213 - -101. What is the tens digit of l?
1
Suppose 3*u = 4*a - 15352, -a - 5*u + 409 = -3406. What is the units digit of a?
5
Let b(r) = 2*r + 12. Let u be b(-6). Suppose 5*y - 109 - 106 = u. What is the tens digit of y?
4
Suppose -4*j = -2*i - 4692, -12*i = -5*j - 16*i + 5839. What is the tens digit of j?
7
Let t(q) = q. Let u be t(-8). Let y(k) be the first derivative of -k**3/3 - 5*k**2 + 8*k + 5. What is the tens digit of y(u)?
2
Let c = 349 - 229. Suppose 23*d - c = 20*d. What is the tens digit of d?
4
Let q(y) be the third derivative of -y**6/120 + 3*y**5/20 - y**4/24 - 4*y**3/3 + 38*y**2. What is the units digit of q(6)?
4
Let f(m) = 57*m**2 + 7*m - 3. Let h(t) = -170*t**2 - 20*t + 8. Let n(z) = 14*f(z) + 5*h(z). Let p be n(-1). What is the units digit of (-4 + -1)*p/10?
6
Suppose -p + 114 = 3*j + 37, -10 = -5*j. Let n = p - 25. Suppose -y - y + n = 0. What is the units digit of y?
3
Suppose 4*p = -2*b + 3*b + 10, 0 = -p + 1. What is the units digit of (-7)/((-63)/12) + (-118)/b?
1
Suppose -5*d + 26 = 1. Suppose t + d = 16. What is the tens digit of t?
1
Let u be (4/(-6))/(2/6). Let v(s) = 4*s - 1. Let l be v(-4). What is the tens digit of (l - -6)*2/u?
1
Let r be (-1)/4 + 0 - 29/(-4). Suppose -2*q - 5 - 5 = 0. Let j = r + q. What is the units digit of j?
2
Suppose 16*t = 14*t. What is the units digit of 3 - (-106 + (t - -3))?
6
Let y =